is the thousands digit of 1986666?
6
What is the tens digit of 280507?
0
What is the thousands digit of 196950?
6
What is the ten thousands digit of 2242001?
4
What is the ten thousands digit of 6470402?
7
What is the millions digit of 6349319?
6
What is the hundred thousands digit of 393410?
3
What is the tens digit of 4658947?
4
What is the hundreds digit of 11169295?
2
What is the tens digit of 160820?
2
What is the tens digit of 1384102?
0
What is the ten thousands digit of 3125453?
2
What is the hundred thousands digit of 7353550?
3
What is the millions digit of 6626173?
6
What is the tens digit of 62184?
8
What is the hundreds digit of 66628?
6
What is the millions digit of 15275377?
5
What is the ten thousands digit of 6723482?
2
What is the units digit of 237061?
1
What is the tens digit of 231304?
0
What is the ten thousands digit of 395950?
9
What is the thousands digit of 701725?
1
What is the tens digit of 2447873?
7
What is the hundreds digit of 663270?
2
What is the hundred thousands digit of 114657?
1
What is the ten thousands digit of 979671?
7
What is the thousands digit of 198509?
8
What is the tens digit of 2664575?
7
What is the units digit of 2916844?
4
What is the hundreds digit of 745887?
8
What is the ten thousands digit of 4136956?
3
What is the units digit of 10615651?
1
What is the thousands digit of 4232818?
2
What is the tens digit of 1156641?
4
What is the hundreds digit of 703981?
9
What is the units digit of 563731?
1
What is the tens digit of 994522?
2
What is the thousands digit of 1540731?
0
What is the thousands digit of 280665?
0
What is the units digit of 588971?
1
What is the tens digit of 532682?
8
What is the units digit of 24562867?
7
What is the hundreds digit of 35075?
0
What is the millions digit of 2614787?
2
What is the hundreds digit of 263248?
2
What is the units digit of 1994497?
7
What is the hundred thousands digit of 675960?
6
What is the ten millions digit of 18265819?
1
What is the hundred thousands digit of 28749098?
7
What is the tens digit of 1023063?
6
What is the thousands digit of 2321819?
1
What is the ten thousands digit of 180207?
8
What is the tens digit of 927482?
8
What is the ten thousands digit of 164712?
6
What is the hundreds digit of 2837579?
5
What is the units digit of 366124?
4
What is the tens digit of 2679377?
7
What is the thousands digit of 14219702?
9
What is the ten thousands digit of 264569?
6
What is the ten thousands digit of 4567923?
6
What is the ten thousands digit of 71838?
7
What is the thousands digit of 879233?
9
What is the ten thousands digit of 268264?
6
What is the thousands digit of 28026033?
6
What is the hundreds digit of 23765052?
0
What is the hundreds digit of 1291849?
8
What is the tens digit of 1373825?
2
What is the hundreds digit of 177847?
8
What is the thousands digit of 615684?
5
What is the tens digit of 39404003?
0
What is the hundreds digit of 2849285?
2
What is the units digit of 3383488?
8
What is the hundred thousands digit of 2481303?
4
What is the thousands digit of 674042?
4
What is the units digit of 297597?
7
What is the units digit of 61548?
8
What is the millions digit of 18054993?
8
What is the ten thousands digit of 3140644?
4
What is the units digit of 7632770?
0
What is the hundred thousands digit of 255749?
2
What is the thousands digit of 1695581?
5
What is the thousands digit of 736582?
6
What is the tens digit of 726289?
8
What is the tens digit of 3256775?
7
What is the thousands digit of 6580437?
0
What is the thousands digit of 4241382?
1
What is the hundred thousands digit of 302355?
3
What is the millions digit of 1395237?
1
What is the hundred thousands digit of 1552022?
5
What is the tens digit of 19231?
3
What is the units digit of 2320820?
0
What is the thousands digit of 1619086?
9
What is the thousands digit of 3990480?
0
What is the hundred thousands digit of 242090?
2
What is the ten thousands digit of 191176?
9
What is the tens digit of 2819533?
3
What is the thousands digit of 1048595?
8
What is the units digit of 3015933?
3
What is the millions digit of 9769179?
9
What is the ten thousands digit of 2310048?
1
What is the hundred thousands digit of 207071?
2
What is the thousands digit of 1109598?
9
What is the hundred thousands digit of 2252581?
2
What is the units digit of 1145650?
0
What is the tens digit of 388062?
6
What is the thousands digit of 265883?
5
What is the units digit of 175932?
2
What is the thousands digit of 51487?
1
What is the ten thousands digit of 90804?
9
What is the thousands digit of 38608?
8
What is the thousands digit of 80648?
0
What is the hundred thousands digit of 9699248?
6
What is the ten thousands digit of 31496?
3
What is the ten thousands digit of 343674?
4
What is the ten thousands digit of 303642?
0
What is the hundred thousands digit of 2326049?
3
What is the hundreds digit of 4717398?
3
What is the tens digit of 813390?
9
What is the ten millions digit of 11572882?
1
What is the hundred thousands digit of 4322992?
3
What is the tens digit of 211624?
2
What is the hundred thousands digit of 1590137?
5
What is the ten thousands digit of 2693493?
9
What is the thousands digit of 52547?
2
What is the hundred thousands digit of 358721?
3
What is the thousands digit of 9263?
9
What is the tens digit of 1533389?
8
What is the thousands digit of 4261590?
1
What is the units digit of 2117072?
2
What is the tens digit of 2224845?
4
What is the thousands digit of 158795?
8
What is the hundreds digit of 186467?
4
What is the millions digit of 30013535?
0
What is the units digit of 447717?
7
What is the hundred thousands digit of 118007?
1
What is the thousands digit of 2381069?
1
What is the hundred thousands digit of 219229?
2
What is the thousands digit of 35387781?
7
What is the tens digit of 5061937?
3
What is the hundred thousands digit of 3731101?
7
What is the tens digit of 47831?
3
What is the hundreds digit of 76375?
3
What is the hundreds digit of 378230?
2
What is the thousands digit of 18870890?
0
What is the tens digit of 2683798?
9
What is the tens digit of 200168?
6
What is the tens digit of 16236158?
5
What is the ten thousands digit of 638005?
3
What is the thousands digit of 7541873?
1
What is the tens digit of 80467?
6
What is the hundreds digit of 152647?
6
What is the units digit of 90106?
6
What is the ten thousands digit of 1871557?
7
What is the hundreds digit of 5855630?
6
What is the ten thousands digit of 322899?
2
What is the hundred thousands digit of 419069?
4
What is the ten thousands digit of 845641?
4
What is the units digit of 496543?
3
What is the thousands digit of 1148037?
8
What is the hundred thousands digit of 748847?
7
What is the hundreds digit of 97211?
2
What is the hundreds digit of 1544780?
7
What is the hundreds digit of 1740052?
0
What is the thousands digit of 2723338?
3
What is the thousands digit of 12416230?
6
What is the thousands digit of 3860290?
0
What is the units digit of 147806?
6
What is the ten thousands digit of 358925?
5
What is the hundred thousands digit of 2398910?
3
What is the hundreds digit of 27445319?
3
What is the thousands digit of 147705?
7
What is the units digit of 290664?
4
What is the ten thousands digit of 1339940?
3
What is the hundreds digit of 259932?
9
What is the tens digit of 3345592?
9
What is the units digit of 274097?
7
What is the hundreds digit of 1322207?
2
What is the units digit of 1196222?
2
What is the millions digit of 8247378?
8
What is the ten thousands digit of 26909?
2
What is the units digit of 90493?
3
What is the ten thousands digit of 1303410?
0
What is the thousands digit of 2480843?
0
What is the hundreds digit of 226447?
4
What is the hundred thousands digit of 2949634?
9
What is the units digit of 38558?
8
What is the hundred thousands digit of 1727394?
7
What is the ten thousands digit of 7140602?
4
What is the ten thousands digit of 170155?
7
What is the units digit of 3925826?
6
What is the units digit of 39238?
8
What is the tens digit of 3753?
5
What is the tens digit of 5726542?
4
What is the hundreds digit of 6652597?
5
What is the thousands digit of 901432?
1
What is the ten thousands digit of 533247?
3
What is the hundreds digit of 8091736?
7
What is th